factors of 6449055?
3, 5, 429937
List the prime factors of 204610662.
2, 3, 809, 14051
What are the prime factors of 247930073?
397, 624509
List the prime factors of 72763978.
2, 7, 17, 37, 8263
List the prime factors of 960663592.
2, 7, 17154707
What are the prime factors of 41358928?
2, 13, 198841
What are the prime factors of 138558887?
19, 7292573
What are the prime factors of 798961229?
11, 19, 173, 1163
List the prime factors of 237480452.
2, 11, 5397283
What are the prime factors of 48686369?
48686369
What are the prime factors of 79852387?
251, 318137
What are the prime factors of 39650948?
2, 19, 521723
What are the prime factors of 242707470?
2, 3, 5, 17, 475897
List the prime factors of 534488446.
2, 827, 323149
List the prime factors of 150866803.
229, 658807
List the prime factors of 82432092.
2, 3, 23, 298667
What are the prime factors of 359552437?
2017, 178261
List the prime factors of 177939317.
177939317
List the prime factors of 43149681.
3, 2017, 2377
List the prime factors of 4179720767.
4179720767
List the prime factors of 5731323476.
2, 19, 29, 619, 4201
What are the prime factors of 585237078?
2, 3, 32513171
List the prime factors of 39277315.
5, 7, 11, 102019
List the prime factors of 1137642567.
3, 17, 47, 157, 3023
What are the prime factors of 2455015695?
3, 5, 11, 14878883
What are the prime factors of 566107999?
53, 61, 175103
List the prime factors of 6366506623.
6366506623
What are the prime factors of 1236527010?
2, 3, 5, 13739189
What are the prime factors of 478482043?
13, 47, 233, 3361
What are the prime factors of 4803128457?
3, 107, 14963017
List the prime factors of 2862160.
2, 5, 7, 19, 269
List the prime factors of 39731743.
199, 199657
What are the prime factors of 2854264411?
271, 10532341
List the prime factors of 153842860.
2, 5, 17, 23, 103, 191
What are the prime factors of 1061980721?
1061980721
List the prime factors of 84264053.
17, 29, 170921
List the prime factors of 1510487224.
2, 188810903
List the prime factors of 17527976.
2, 2190997
List the prime factors of 368597722.
2, 53, 3477337
What are the prime factors of 2059747619?
2059747619
What are the prime factors of 933444287?
11299, 82613
What are the prime factors of 66707666?
2, 33353833
What are the prime factors of 459292966?
2, 11, 19, 1098787
What are the prime factors of 181061151?
3, 60353717
What are the prime factors of 264083871?
3, 5101, 17257
List the prime factors of 192306301.
11, 3803, 4597
List the prime factors of 4093404886.
2, 113, 251, 72161
List the prime factors of 46635449.
7, 307, 21701
What are the prime factors of 111827424?
2, 3, 1164869
What are the prime factors of 376554536?
2, 47069317
What are the prime factors of 843833714?
2, 421916857
What are the prime factors of 571634216?
2, 71454277
What are the prime factors of 6251230586?
2, 37, 84476089
What are the prime factors of 1493916341?
1493916341
What are the prime factors of 129383543?
157, 824099
What are the prime factors of 43075387?
661, 65167
What are the prime factors of 59727612?
2, 3, 7, 419, 1697
What are the prime factors of 4751775?
3, 5, 7, 431
What are the prime factors of 2962034420?
2, 5, 5167, 28663
List the prime factors of 1142780619.
3, 380926873
What are the prime factors of 843781?
843781
What are the prime factors of 6810880?
2, 5, 17, 313
List the prime factors of 46021361.
46021361
List the prime factors of 269399069.
23, 41, 12421
List the prime factors of 39317960.
2, 5, 11, 193, 463
List the prime factors of 1980093636.
2, 3, 107, 331, 1553
List the prime factors of 2853232033.
19, 31, 113, 163, 263
What are the prime factors of 337851868?
2, 101, 836267
What are the prime factors of 1335611497?
11, 59, 2057953
What are the prime factors of 386132625?
3, 5, 23, 14923
What are the prime factors of 97460898?
2, 3, 17, 181, 5279
What are the prime factors of 22598857?
23, 982559
What are the prime factors of 3335174862?
2, 3, 97, 1013, 5657
What are the prime factors of 1476571715?
5, 295314343
What are the prime factors of 37105731?
3, 13, 83, 3821
What are the prime factors of 16373349?
3, 1819261
List the prime factors of 918145706.
2, 459072853
List the prime factors of 1167245295.
3, 5, 5839, 13327
What are the prime factors of 28443510?
2, 3, 5, 53, 67, 89
What are the prime factors of 1576417383?
3, 797, 24419
What are the prime factors of 26324600?
2, 5, 43, 3061
What are the prime factors of 589544435?
5, 83, 269, 5281
List the prime factors of 93838181.
17, 5519893
List the prime factors of 553773040.
2, 5, 6922163
What are the prime factors of 2284034652?
2, 3, 701, 30169
What are the prime factors of 459889485?
3, 5, 11, 23, 179, 677
What are the prime factors of 29071242?
2, 3, 31, 53, 983
What are the prime factors of 3340319825?
5, 133612793
List the prime factors of 245690945.
5, 23, 281, 7603
What are the prime factors of 2749204590?
2, 3, 5, 11, 8330923
List the prime factors of 140758564.
2, 103, 341647
List the prime factors of 40389354.
2, 3, 249317
List the prime factors of 25541866.
2, 7, 29, 53, 1187
List the prime factors of 119385890.
2, 5, 13, 918353
List the prime factors of 1508157339.
3, 13, 38670701
List the prime factors of 129930475.
5, 353, 14723
List the prime factors of 1578797861.
1578797861
What are the prime factors of 139859963?
37, 1663, 2273
What are the prime factors of 60499731?
3, 263, 76679
What are the prime factors of 61004603?
11, 29, 191237
What are the prime factors of 1193059985?
5, 13, 47, 390527
What are the prime factors of 39657556?
2, 31, 319819
What are the prime factors of 450418206?
2, 3, 7, 43, 461, 541
List the prime factors of 333869960.
2, 5, 107, 78007
What are the prime factors of 55002394?
2, 163, 168719
What are the prime factors of 63313203?
3, 21104401
What are the prime factors of 461076051?
3, 31, 1087, 4561
What are the prime factors of 401687776?
2, 7, 397, 4517
List the prime factors of 43070788.
2, 349, 30853
What are the prime factors of 1715945823?
3, 193, 329293
List the prime factors of 130547049.
3, 241, 180563
List the prime factors of 10302989.
10302989
List the prime factors of 31490524.
2, 13, 19, 31873
List the prime factors of 8551670942.
2, 179, 4091, 5839
What are the prime factors of 102799071?
3, 1489, 2557
List the prime factors of 996273482.
2, 29, 1601, 10729
List the prime factors of 646999886.
2, 13, 24884611
What are the prime factors of 2723854745?
5, 1973, 276113
List the prime factors of 56563362.
2, 3, 199, 15791
What are the prime factors of 393936675?
3, 5, 11, 83, 523
What are the prime factors of 59341536?
2, 3, 206047
What are the prime factors of 205967790?
2, 3, 5, 7, 19, 17207
What are the prime factors of 4015066302?
2, 3, 13, 179, 95857
What are the prime factors of 84994440?
2, 3, 5, 708287
List the prime factors of 82720896.
2, 3, 31, 6949
List the prime factors of 1595904981.
3, 11, 19, 1091, 2333
What are the prime factors of 6140313078?
2, 3, 79, 12954247
What are the prime factors of 248545454?
2, 293, 424139
List the prime factors of 47872761.
3, 19, 839873
List the prime factors of 115418037.
3, 7, 73, 75289
List the prime factors of 42776679.
3, 11, 449, 2887
What are the prime factors of 447693372?
2, 3, 7, 691, 857
List the prime factors of 1845524922.
2, 3, 23, 31, 431399
What are the prime factors of 2670541985?
5, 17, 31418141
List the prime factors of 21502415.
5, 11, 390953
What are the prime factors of 2645250056?
2, 23, 14376359
List the prime factors of 286166066.
2, 17, 37, 13381
What are the prime factors of 20379516?
2, 3, 557, 3049
List the prime factors of 1027308586.
2, 29, 17712217
List the prime factors of 552394174.
2, 23, 12008569
What are the prime factors of 242220008?
2, 67, 451903
List the prime factors of 115288768.
2, 7, 97, 379
What are the prime factors of 384458861?
281, 1368181
List the prime factors of 1014128059.
7, 19, 57331
What are the prime factors of 66781526?
2, 7, 4770109
What are the prime factors of 71755958?
2, 53, 676943
What are the prime factors of 715530608?
2, 13, 3440051
What are the prime factors of 139047958?
2, 7, 31, 320387
List the prime factors of 30489164.
2, 7622291
What are the prime factors of 159434226?
2, 3, 7, 179, 7069
What are the prime factors